 What is the units digit of 10 - p*(-6)/3?
2
Let l be ((-24)/(-9))/(2/(-3)). Let j be 804/9 + l/(-6). Suppose -4*k = 6 - j. What is the tens digit of k?
2
Suppose 20*u = 34*u - 20860. What is the thousands digit of u?
1
Let o(s) = -6*s - 5. Suppose -2*y = 2*y - 5*r - 168, 0 = -3*y + r + 126. Let v be (6/(-7))/(6/y). What is the tens digit of o(v)?
3
Let j be 50/(-8) - (-13)/52. Let p be 2/3*j/(-4). What is the units digit of (p/1)/((-8)/(-192))?
4
Let m be 30/(-4)*(-8)/6. Let t(g) = -g**3 + 11*g**2 - 10*g + 2. Let a be t(m). Suppose w - 72 = -a*w. What is the tens digit of w?
2
Let l be -5 + 1 - (-442 - 5). Let m = 725 - l. What is the hundreds digit of m?
2
Suppose 3*w - 2129 = -4*i, 2*w - 3595 = -3*w + 5*i. Suppose 2*c + j - 189 = 283, -3*c = -2*j - w. What is the tens digit of c?
3
Let g(o) = 692*o**3 - o**2 + 2*o - 11. What is the thousands digit of g(2)?
5
Let f(n) = -3*n**3 + 4*n**2 - n + 1907. What is the hundreds digit of f(0)?
9
Let b(u) = 184*u + 4. What is the hundreds digit of b(1)?
1
Suppose 0 = 3*f - 8*a + 9*a - 12851, -f + 2*a + 4286 = 0. What is the tens digit of f?
8
Let z be -28 + 30 - -8*(-1)/(-1). Suppose -z*j = -788 - 492. What is the hundreds digit of j?
1
Let o(w) = -867*w + 41. What is the units digit of o(-1)?
8
Suppose 0 = 7*t + t + 8. What is the hundreds digit of (-27)/9 + (-128)/t?
1
Let v(f) = 3*f**2 + 27*f + 32. What is the units digit of v(-13)?
8
Suppose 36*y - 540 - 11304 = 0. What is the hundreds digit of y?
3
Let p be (-4)/(-3 + (-1)/(-1)). Suppose -3*q = -d + 101, -p*d + q + 155 = -27. What is the tens digit of d?
8
Let r(i) = -i**2 - i + 7. Let l be r(0). Let g(x) = x**3 - x**2 - 9*x - 19. What is the units digit of g(l)?
2
Suppose 2*p = -3*p + 15. Suppose -3*j - 2*s = -162, 4*s = -7*j + p*j + 212. What is the tens digit of j?
5
What is the units digit of 1/((-3)/(4 + -1441)) + 0?
9
Suppose 0 = 6*k - k - 15. Let r be (k/5)/(3/165). Let n = 13 + r. What is the tens digit of n?
4
Suppose 4*z - 5*r + 0*r = -17, z - 12 = -2*r. Suppose z*l - 260 = -30. Suppose 0 = 4*i + i - l. What is the units digit of i?
3
Let f(c) = 13*c**2 + 7*c + 359. What is the units digit of f(-14)?
9
Let u be ((-4)/(-5))/((-4)/(-2400)). Let x be 18/63 + u/(-14). What is the units digit of (-1 + (0 - 0))*x?
4
Let o be (114/(-9))/(4/6). Let g = 18 + o. Let u(y) = 51*y**2 - 2*y - 1. What is the units digit of u(g)?
2
Let k(n) = -n - 2. Let c be k(0). Let g(w) = -w**3 - 4*w**2 - 4*w - 2. Let d be g(c). What is the units digit of 70/3 + d/(-3)?
4
Suppose -2*v = -5 + 1. Suppose -v*j + 2 = -4*j. Let p = j - -9. What is the units digit of p?
8
Suppose -3832 = -4*i + v, -7*v = 4*i - 3*v - 3812. What is the units digit of i?
7
Let m(v) = v**2 - 25*v - 196. What is the hundreds digit of m(-16)?
4
Let h(k) = -5*k**3 + 4*k**2 + 24*k - 14. What is the tens digit of h(-6)?
6
Let y be (-5)/(30/(-3))*-16. What is the units digit of -142*((-28)/y + -4)?
1
Let w(r) = 3*r**2 - 47*r - 129. What is the hundreds digit of w(44)?
6
Suppose 4*r - 84 = -z, -3*z - 2*z = -20. Suppose 16*a + 212 = r*a. What is the units digit of a?
3
Let z be (-56)/(-20) - 5/(-25). Suppose -3*q + 0*p - z*p + 24 = 0, -5*p = -5*q + 70. What is the units digit of q?
1
Let p(u) = -2*u - 6. Let a be p(-6). What is the hundreds digit of (-7 + 407 + 2)*4/a?
2
Let v(d) be the first derivative of -2*d**2 + 3*d - 8. What is the units digit of v(-3)?
5
Let i = -60 - -14. Let t = 60 + i. What is the tens digit of t?
1
Let z(b) = 5*b**2 + 2*b - 2. Let r(f) be the first derivative of -3*f**3 - 5*f**2/2 + 5*f + 5. Let a(k) = -4*r(k) - 7*z(k). What is the units digit of a(-10)?
4
Suppose 269*v - 245 = 262*v. What is the tens digit of v?
3
Let f = -26 - -30. Suppose -3*l = 4*z - 206, -3 = -2*l - f*z + 133. What is the units digit of l?
0
Let m = -29 + 64. Let t = -384 - -380. What is the units digit of (-1)/(-4) - m/t?
9
Suppose 9680 = 23*z - 18*z. What is the tens digit of z?
3
Let t = -13 - -19. Suppose -t = -f - 2*f. Suppose 3*a = -f*a + 60. What is the tens digit of a?
1
Let d(l) = -2*l**2 - 29*l + 6. Let n(u) = 5*u**2 + 88*u - 18. Let t(m) = 8*d(m) + 3*n(m). What is the units digit of t(17)?
9
Let n(f) = 51*f**2 - 11*f - 41. What is the hundreds digit of n(-5)?
2
Suppose -z + 5*l + 53 + 25 = 0, 4*z - 334 = -2*l. What is the tens digit of z?
8
Let a be 1/((11/10)/11). Let q(h) = -h**2 + 10*h + 11. What is the tens digit of q(a)?
1
Let j = 1304 + -668. What is the hundreds digit of j?
6
Let c = -17 + 26. Let d = -5 + c. Suppose 0*x + d*x = 28. What is the units digit of x?
7
Let t be 1*2*(-4 - (-2 + -3)). Suppose -294 - 108 = -t*g. What is the tens digit of g?
0
What is the thousands digit of 244*24*(-10)/(-30)?
1
Let z(u) = u**3 + 10*u**2 - 5*u - 3. Let a be z(-10). Let q = 87 - a. What is the tens digit of q?
4
Suppose 24730 + 5438 = 24*r. What is the hundreds digit of r?
2
Suppose z + t - 850 = 0, 9*t = z + 11*t - 853. What is the tens digit of z?
4
Let q = 879 - 603. What is the units digit of q?
6
Let p = -6 + 32. Let l = 12 - p. Let w = 53 + l. What is the units digit of w?
9
Suppose 4*g = -3*y - 205, -7*g + 2*g - 272 = 4*y. Let n = y + 110. What is the units digit of n?
7
Let q(o) = 4*o**2 + 4*o + 57. What is the units digit of q(6)?
5
Let p = 676 + 485. What is the thousands digit of p?
1
Suppose -7*o - o = -32. Suppose -o*k - 2*w = -554, k + 55 = -5*w + 180. What is the hundreds digit of k?
1
Suppose f - w = -5*w + 8, 3*w = 2*f + 17. What is the units digit of 77 - (7 + f)/(-3)?
8
Suppose 6*n - 2*n = g - 35, -4*n = 5*g - 223. What is the units digit of g?
3
Suppose 5*x - 2596 = -6*x. What is the units digit of x?
6
Let u = 2549 + -1018. What is the units digit of u?
1
Suppose h - 6 = -2*h. Suppose -2*z - 3*c + 21 = 0, 21*c - 22*c = 1. What is the units digit of z + -3 + h + 1?
2
Let d(i) = i**3 - 6*i + 5. Let v(g) = g**3 + 3*g**2 - 6*g - 2. Let r be v(-4). Let o be d(r). Suppose 0 = 5*z - o + 60. What is the tens digit of z?
2
Suppose 0 = -8*d - 24 + 464. What is the tens digit of 5137/d + (-4)/10?
9
Let p = 5635 + -1936. What is the tens digit of p?
9
Let t = -7904 - -13279. What is the tens digit of t?
7
Let m(a) = -a**2 - 3*a + 6. Let o be m(-5). Let i(x) = -8*x - 4. Let l be i(o). Let s = -15 + l. What is the tens digit of s?
1
Let a(l) = -2*l**3 + l**2 + 5*l + 64. What is the thousands digit of a(-11)?
2
Suppose -4*c + 0*c - 24 = -a, 3*a - 36 = 3*c. What is the units digit of a?
8
Let u(t) = -2*t + 5. Let v be u(4). Let b(r) = -16*r**2 - 4*r - 3. Let o be b(v). What is the tens digit of (o/(-36))/((-1)/(-8))?
3
Let f(y) = -4*y + 9. Let n = -18 - 0. What is the tens digit of f(n)?
8
Let p = 3 + 1. Suppose -u - 1 + p = 0. Let r(b) = 5*b**2 - b + 2. What is the units digit of r(u)?
4
Let l be 2 + 10/(-2) + 3. Suppose l = 5*u - a + 3*a - 363, -3*u = a - 218. What is the tens digit of u?
7
Suppose -4*d + 5*d - 4*l = 6107, -l + 6102 = d. What is the tens digit of d?
0
Let w = -1171 - -696. What is the units digit of w/(-2) + 36/8 + -3?
9
Suppose -3*g + 5 + 1 = 0. Let l(q) = -3*q**3 + 2*q**3 - 8*q + 1 - q**2 - 8*q**2 + q**g. What is the units digit of l(-7)?
8
Let l = 10 + -3. Suppose -3*w - 820 = -l*w. What is the units digit of w?
5
What is the tens digit of 28 - (-2)/(-1) - (-9 + 10)?
2
Let n(m) = m**3 - 8*m**2 + m - 9. Let d be n(8). What is the units digit of (1 - 4)*(d - 244/12)?
4
Let z = -1326 + 2601. What is the thousands digit of z?
1
Suppose 2*y = 4*y - 62. Let b = 423 - 442. Let v = y + b. What is the units digit of v?
2
Suppose 111 = 5*g + 3*f, -4*f = 2*g - 55 + 5. Let n = -18 + g. What is the units digit of 9*4 + (n - -1)?
0
Let y = -524 - -1980. What is the thousands digit of y?
1
Let l(t) = -25*t - 13. Suppose -q + 3*s + 7 - 22 = 0, -2*s - 1 = 3*q. What is the units digit of l(q)?
2
Let d(i) = -35*i**3 + 2*i**2 - i - 2. Let g be d(-2). Suppose -12*l + 1488 = g. What is the tens digit of l?
0
Suppose 3*k - 40 = 5*j, k - 5*j = 3*k - 10. Let w(g) = 10*g - 32. What is the tens digit of w(k)?
6
Let r(d) be the second derivative of 11*d**4/12 + 8*d**3/3 + 3*d**2/2 + 21*d. What is the units digit of r(-4)?
5
Suppose 0 = 4*g - 190 - 282. Let o = -13 + g. What is the units digit of o?
5
Let k be 0/1 - (-1 + -4). Let y be k/(-2)*2/(-1). Suppose -2*d = -y - 77. What is the tens 